. Let l = b - -18. Determine f(l).
-17
Let s(t) = t**3 - 14*t**2 + 12*t + 19. Let r(d) = 29*d + 158. Let q be r(-5). What is s(q)?
6
Let m(u) = -3*u + 3. Let n be m(3). Let y = 63 - 56. Let d(v) = -v**3 - 31*v**2 + y*v + 2 + 26*v**2 + 0 - 3. Calculate d(n).
-7
Let c(m) be the second derivative of m**7/840 - m**6/360 - m**5/60 + m**4/8 + 7*m**3/3 + 11*m. Let l(x) be the second derivative of c(x). Determine l(2).
3
Let j(g) = g. Let d(k) = k**2 + 5*k + 6. Let r(u) = d(u) + j(u). Suppose -4*h - 4*f = -72, -3*h + 5*f = -2 - 28. Suppose 5*l + 5 = -h. What is r(l)?
-2
Let g(b) be the first derivative of b**3/3 + 9*b**2/2 + 9*b + 1. Suppose -5*p = 2*q - 420, p + 12 = 4*q + 74. Let w = p + -89. Give g(w).
-5
Let q(h) be the third derivative of -h**5/60 - 427*h**2. Let l be -3*((-1)/3 + -1). Let j = l + -6. What is q(j)?
-4
Let u(l) be the second derivative of -l**4/12 + 7*l**3/6 - 2*l**2 + 68*l - 2. Give u(4).
8
Let s(y) = 5*y - 36. Let d(p) = 4*p - 29. Let r(g) = 4*d(g) - 3*s(g). Calculate r(11).
3
Let n(g) = 2 - g - 8 - 3 + 8 - 14*g. Determine n(1).
-16
Let r(x) = -x**3 + 18*x**2 + 19*x + 8. Let y be -11 + (-2 - (1 - 33)). What is r(y)?
8
Let n be (0 + 6/(-4))/((-13)/26). Let b(s) be the second derivative of -1/2*s**2 - s - 1/6*s**3 - 1/6*s**4 + 0 + 1/20*s**5. What is b(n)?
5
Suppose 0 = -5*l + 16 - 1. Let p(r) = -9*r + 2*r + 0*r + l*r. What is p(2)?
-8
Let i = -47 + 28. Let u = -15 - i. Let m be u/((-16)/12) + -1. Let t(q) = q**2 + 4*q - 2. Calculate t(m).
-2
Let u(l) = -l**2 + 9*l + 1. Suppose -2*i + 9 = -i. What is u(i)?
1
Let p(d) = 0 - 10*d**2 + 7*d**3 + 5 - 11*d**3 + 6*d. Let w(x) = 3*x**3 + 9*x**2 - 6*x - 4. Let n(u) = 4*p(u) + 5*w(u). Suppose 5*a - 20 = -0*a. What is n(a)?
-8
Let u(q) be the first derivative of -3*q**2/2 - 6*q - 47. Determine u(-2).
0
Let y(m) be the second derivative of m**4/12 + m**2/2 - 387*m. Give y(-2).
5
Suppose 10*q - 57 = -37. Let p(a) = 6*a**2 - 3*a + 1. Determine p(q).
19
Let x(g) be the second derivative of g**4/12 + 7*g**3/6 - 2*g**2 + 4*g. Suppose -69*w + 64*w = 25. Calculate x(w).
-14
Let k(o) = -o**3 + 2*o**2 + o. Let i be 1494/(-306) - (-2)/(-17). Let u be i/(-2) + 3/6. Determine k(u).
-6
Suppose 4*m = -m + 25. Suppose 8*o - 6 = m*o. Suppose -o*t = 2*t - 8. Let y(q) = 2*q**3 - 2*q**2 - q - 2. Give y(t).
4
Let s(j) = j**2 - 10*j - 1. Let x be (-18 - -10) + 17 - 3. What is s(x)?
-25
Suppose p - 8 = 5*p + 2*s, -5*p + 2*s - 19 = 0. Let u(c) be the second derivative of c**5/20 + c**4/6 - 2*c**3/3 - c**2/2 - c. Determine u(p).
2
Let u(l) = 3*l - 2*l + 573 - 1135 + 567. Calculate u(-3).
2
Let g(y) = y + 5. Suppose 3*n + 2*n = 3*l + 14, -3*l = -6. Let x be (11/(44/24))/2. Suppose 0 = x*k, -c + 0*k - n = 4*k. Determine g(c).
1
Let s(k) = -k**3 - 2*k**2 + 7*k + 10. Let y be s(-2). Let x(r) = -r**2 - 11*r - 17. What is x(y)?
11
Let v be 3 + (-4 - -2) + 5. Let i(p) = 7*p**3 + 10*p**2 - 2*p - 7. Let q(h) = 12*h**3 + 15*h**2 - 5*h - 14. Let f(l) = -5*i(l) + 3*q(l). Determine f(v).
-1
Let q(b) = 27*b**3 - 5*b**2 - 4*b + 1. Let z(v) = 2*v**3 - v**2 - v. Let p(d) = -q(d) + 5*z(d). Give p(-1).
17
Let a(j) be the second derivative of j**6/360 + j**5/15 + j**4/3 + j**3/2 - j. Let r(s) be the second derivative of a(s). Determine r(-6).
-4
Let b(u) = -u**3 + 5*u**2 + 3*u + 6. Let h be (6/8)/(2/96*6). Suppose -x + h*x - 30 = 0. Determine b(x).
-12
Let d = 2364 + -2361. Let l(r) = -11*r**3 - 19*r**2 - 6*r + 21. Let v(n) = 5*n**3 + 9*n**2 + 3*n - 10. Let z(s) = -6*l(s) - 13*v(s). What is z(d)?
-5
Let z be 2/6 + 60/36. Let y(o) = -3 - 5*o + 15*o - o**z - 5*o. Determine y(5).
-3
Let c(k) be the third derivative of k**9/60480 + k**6/720 - 29*k**5/60 - 31*k**2. Let z(d) be the third derivative of c(d). Give z(0).
1
Suppose -d - 5 = -22*h + 26*h, 2*d + 5*h + 10 = 0. Let m(n) = -n**2 - 7*n - 1. Determine m(d).
9
Let f(o) = 36*o + 36. Let p(a) = 7*a + 7. Let s(y) = 4*f(y) - 21*p(y). What is s(-7)?
18
Let z(q) = -4*q - 3. Let b(i) = -i**2 - 8*i - 11. Let p(r) = b(r) - 3*z(r). Give p(4).
-2
Let i be 6/33 + ((-480)/44)/(-6). Suppose t - 4 = -4*a, -i = -3*a + a + 2*t. Let b(l) = 9*l - 1. Calculate b(a).
8
Let m(q) = 5*q**2 - 2*q + 1. Suppose 4*y = 5*k + 41, -k + 4*y = k + 26. Let h be (-4 + 5)/(-4 - k). Give m(h).
4
Let x(f) be the first derivative of 1/4*f**4 + 7/2*f**2 - 36 - 3*f - 8/3*f**3. Give x(7).
-3
Let h(c) be the third derivative of -c**4/12 + 7*c**3/3 + c**2 - 104. Determine h(7).
0
Let f be (-3 + 2 - 3) + 1. Let y(w) = -w**3 - w**2 - w + 1. Determine y(f).
22
Suppose 2*v = -3*k + 10, -3*k = 2*v - 3*v - 4. Suppose v*z - a = 2, -2*z - 4 = -z - 3*a. Let p(m) = 4*m + z*m + 1 - 3*m + 4*m. What is p(-1)?
-6
Suppose 0 = 5*b + 7*v - 4*v + 15, -4*b = -5*v + 49. Let p(l) = l**3 + 5*l**2 - 7*l - 9. Determine p(b).
-3
Let c(s) = -8*s - 4. Suppose -12*w = -4*w + 24. What is c(w)?
20
Let i(q) = 10*q**2 + 3. Let h be i(1). Let u(x) = x - 13. Calculate u(h).
0
Suppose -21 - 9 = -5*t. Let l(m) = 23*m - 29. Let r(k) = 9*k + 1. Let q be r(-2). Let i(p) = -8*p + 10. Let v(n) = q*i(n) - 6*l(n). Determine v(t).
-8
Let t(r) = -103 + r + 206 - 102 + 0*r + 0*r. Calculate t(7).
8
Let t = 99 - 96. Let m(c) be the first derivative of -1 + 4*c - 4*c**2 + 7/3*c**t - 1/4*c**4. What is m(5)?
14
Let q(l) be the first derivative of -l**2/2 - 4*l + 1. Suppose b + 2 = 0, -4*m - 4*b - b = -70. Suppose -m = -15*k + 20*k. Give q(k).
0
Let b = -11 - -5. Suppose 3*h - 40 = -5*n - 7, 2*h - 27 = -5*n. Let y(j) = -2*j - 3*j + h*j + 4. Determine y(b).
-2
Let c(t) = 3*t**3 + 3*t**2 + 3. Let m(u) = -7*u**3 - 7*u**2 - u - 7. Let h(i) = -5*c(i) - 2*m(i). Suppose -j = -4 - 4. Let g be 4/6 + j/24. Determine h(g).
-1
Let l(f) be the second derivative of f**3/3 + 2*f**2 - 59*f. Calculate l(-7).
-10
Let k = -667 - -661. Let u(h) = h + 16. Calculate u(k).
10
Let q = 7 - 3. Suppose -2*o - 9 = -3*h + 1, h = q*o + 10. Let w(x) = -1 + 3*x**h + 0 - x**2 + 0*x**2. Give w(-2).
7
Let z be (-5)/(100/(-16))*5. Suppose z*t = -0 + 16. Let y be 3*(t/3 - 0). Let g(u) = u**3 - 4*u**2 - 2*u + 6. Calculate g(y).
-2
Let z(s) be the first derivative of s**3/3 + 11*s**2/2 + 2*s + 541. Calculate z(-4).
-26
Suppose 2*c = 1 - 13. Let f(g) be the third derivative of -1/24*g**4 - 36*g**2 + 1/3*g**3 + 0*g + 0. What is f(c)?
8
Let p(g) = g**2 - 12*g - 4. Suppose 4 = 2*q + 5*c, 9*c = -q + 6*c. Give p(q).
-4
Suppose 0 = q + 2 - 5. Suppose -2*n - 41 = q*s - 3*n, s = n - 17. Let r be (s/10)/(4/20). Let v(i) = -i**2 - 7*i - 1. What is v(r)?
5
Let v(d) be the third derivative of -d**4/12 - d**3/2 - 41*d**2 + d. Determine v(-8).
13
Let l(m) = -m**3 + m - 2 + 5*m**2 - 3 - 4*m. Let s be (-129)/(-5) + (-8)/10. Suppose c + 2*f = -9 + 23, 5*c = -f + s. Calculate l(c).
-1
Let d(p) = -10*p**3 + 5*p**3 - 2*p**2 - 4 - 8*p**2 + 6*p**3. Let j be d(10). Let y(z) = -z**3 - 5*z**2 - 3*z - 6. What is y(j)?
-10
Suppose 29 = i - 12. Let q = i + -41. Let g(p) = p**3 + p + 12. Determine g(q).
12
Let q(p) = 49165*p + 2 + p**2 - 49165*p - p**3. Give q(2).
-2
Let v(d) = -3*d**2 - d - 3. Let i be 11 + 0 + 5 + -2. Let t = i + -3. Let g(j) = -8*j**2 - 4*j - 8. Let r(n) = t*v(n) - 4*g(n). Determine r(3).
5
Let x(k) = -k**2 - 10*k + 15. Suppose -21*d - 170 = 61. Calculate x(d).
4
Let r(n) = -140 + n**2 - n**3 + 279 - 11*n**2 - 123 - 8*n. Determine r(-9).
7
Let t(p) = -p**3 + 6*p**2 + 6*p - 6. Let y be 2*8 - 12/(-4). Let u = -12 + y. Determine t(u).
-13
Let c(t) = -4*t**2 - 2*t - 1. Let d(g) = g**3 + g**2 - 1. Let w(y) = -c(y) - 2*d(y). Calculate w(-2).
23
Let o(g) be the first derivative of g**2 - 6*g - 56. Let p(t) = -t**3 - 4*t**2 + t - 1. Let x be p(-4). Calculate o(x).
-16
Let o(v) be the third derivative of v**5/60 - 5*v**4/6 + 13*v**3/6 - 271*v**2 + 1. What is o(20)?
13
Suppose 4*d - 11 = 1. Let c(m) = 10*m - 3. Let j(s) = 5*s - 2. Let a(g) = d*c(g) - 5*j(g). Suppose q = 2*l - 2, -2*q + 6 = 5*l + 1. What is a(l)?
6
Let j(f) = -6 - 8 - 3*f + 20 - f**2 - 4. Let u = 3 + -1. Calculate j(u).
-8
Let p(s) = -2*s - 1. Let g be p(3). Let r(c) = -3*c**2 + 8*c - 2. Let n(u) = -7*u**2 + 16*u - 3. Let t(k) = 4*n(k) - 9*r(k). Calculate t(g).
13
Suppose -34*f - 5 = -33*f, -2*r + f + 17 = 0. Let p(u) = 1 + 6 - 6*u + 3*u. Calculate p(r).
-11
Let p be (-21)/70 - (-783)/(-90). Let c(x) = -2*x**2 - 13*x - 10. What is c(p)?
-55
Let w(t) be the first deriva